et b(d) = -d**3 + d**2 + 4*d - 4. Let a be b(4). What is the tens digit of ((-8)/3)/(i/a)?
3
Let f = -123 - -128. Suppose 2*t - f*t = -2*x + 10, -15 = -3*x - 3*t. What is the units digit of x?
5
What is the units digit of (-8)/(-4) + 4242 - (-17 - -20)?
1
Let v be (-7 + -3 + 2)/(-1). Let u = -6 + v. Suppose u*g - 10 + 0 = 0. What is the units digit of g?
5
Suppose -4*i = 4*h - 48, -17 = 2*h - 4*h + 5*i. What is the units digit of (-2)/h + 255/11?
3
Let s = 10931 - 7464. What is the thousands digit of s?
3
Suppose 7*p = -216 + 1749. What is the hundreds digit of p?
2
Suppose -f - 3*f + 16 = 0. Suppose -3*w = -3*q + 2*q + 17, 2*q - f*w - 32 = 0. What is the units digit of 8/(-5)*(-35)/q?
4
What is the thousands digit of 7840/(-96)*234/(-15)?
1
Let l(d) = 473*d**2 - 3*d - 12. What is the units digit of l(-2)?
6
Let u be 2/(0 - -1) + (-1 - 6). What is the hundreds digit of 349/2 - u/(-10)?
1
Let a be (21/(-7))/((-6)/22). Suppose -a*p = -13*p. Suppose -y + 6*y - 200 = p. What is the units digit of y?
0
Let w(d) = -18*d + 23*d**2 - 2 + 4*d - 12*d**2 - 12*d**2. What is the tens digit of w(-12)?
2
Let y be ((-30)/6 - -7)*(-8)/(-2). Suppose -437 = -y*x + 131. What is the tens digit of x?
7
Let t(b) = -b**3 + 13*b**2 + 22*b + 8. What is the hundreds digit of t(13)?
2
Let k(l) = l**3 - 17*l**2 + 5*l - 81. Let g be k(17). Let w be 2/3 + 22/(-6). Let y = g + w. What is the units digit of y?
1
Let g = 15 - 13. Suppose 10 = 3*w + 2*h - 7, 2*h = -4*w + 20. Suppose 5*b - w*j - 108 = -g*j, -2*b + j + 45 = 0. What is the units digit of b?
1
Let y be 12/8 - (1093/(-2) - -1). Suppose 413 = 8*t - y. What is the units digit of t?
0
Let y(u) = 0 - 1200*u**2 + 8 - 2*u - u**3 + 1206*u**2. Let i be 5 + (2 - 2/1). What is the units digit of y(i)?
3
Let h = 28 + -26. Let k(d) = 10*d**3 + d**2 - d + 3. What is the tens digit of k(h)?
8
Let v(m) = -7*m**3 - 10*m**2 - 5*m - 2. What is the tens digit of v(-4)?
0
Let l = 27 + -13. Let b(p) = p**2 - 11*p + 24. What is the units digit of b(l)?
6
Let n(z) = -z**2 - 2*z + 2. Let u be n(0). Let h be 1*(3 + (-1 - u)). Suppose 5*b - 25 = 0, h*q + 48 = 2*q - 4*b. What is the tens digit of q?
3
Let s(b) = -b**2 - b - 1. Let r(d) = -4*d**2 + 11*d + 12. Let k(l) = -r(l) - 5*s(l). What is the hundreds digit of k(4)?
1
Let p = 3 - 18. Let h be 3/p + (-205)/(-25). Let f(j) = -j + 17. What is the units digit of f(h)?
9
Suppose 0*t = -11*t + 22. Suppose -4*a + 4*q + 972 = 0, -t*q = a - 252 - 6. What is the tens digit of a?
4
Suppose 2*t - 1265 = 4*s - 5*s, -3*s - 4*t + 3791 = 0. What is the tens digit of s?
6
Let q(c) = -92*c + 2. Let w be q(-3). Let m = w - 197. Let i = m + -56. What is the units digit of i?
5
What is the tens digit of (-3)/2 + 9 + (-20335)/(-14)?
6
Let v be 6*((-15)/(-2) - -3). Suppose w - v - 38 = 2*j, 5*w - 2*j - 513 = 0. What is the hundreds digit of w?
1
Let f = 3570 + -1767. What is the units digit of f?
3
Suppose 47*d = 52*d - 1875. What is the hundreds digit of d?
3
What is the tens digit of (10 - 670/70) + (-1418)/(-7)?
0
Let k = 15 + -12. Suppose k*v - 24 = -3. Let s(c) = 2*c - 11. What is the units digit of s(v)?
3
Suppose -2*c = 3*x + 6, 0 = 4*c + 5*x + 5 + 3. Let z(j) = 7*j**2 - 2*j**2 + j**2 + 3*j + j + c. What is the units digit of z(-2)?
9
Suppose 3*r - r = 4*y - 16, -2*y = r. Let t be 882/12 + y/(-4). Suppose 5*n = s + 277 - t, -12 = 3*s. What is the units digit of n?
0
Let r = -3214 + 4544. What is the tens digit of r?
3
Suppose 0 = -15*j - 6*j + 16590. What is the hundreds digit of j?
7
Suppose 214*w - 212*w = -i + 1319, 3281 = 5*w - 3*i. What is the tens digit of w?
5
Let a(g) = -101*g**2 + 5*g - 4. Let s(k) = -50*k**2 + 2*k - 2. Let d(b) = 2*a(b) - 5*s(b). What is the units digit of d(-1)?
0
Suppose -3*u + 6 = -4*u + j, 3*j = -3*u - 6. What is the tens digit of 3/(-6) + (-166)/u?
4
Let c be 34/8 + 24/32. Suppose 2*a - c*a + 246 = 0. Suppose 5*i - 43 = a. What is the tens digit of i?
2
Suppose -3*c + 649 + 1793 = 0. What is the tens digit of c?
1
Let y(g) = -17*g**2 - g - 1. Let t be y(2). Let m = -47 - t. What is the units digit of m?
4
Let p be (-2300)/(-18) + (-2)/(-9). Suppose 5*t + 0*g + 5*g = 140, 5*t = -2*g + p. Suppose 3*d - t = 42. What is the units digit of d?
2
Let k(n) = 3*n**2 + 1. Let v be k(1). Suppose 6*u - 15*u = -27. Suppose -10 = -s + u*q, 0 = -v*s + q - 4*q + 40. What is the tens digit of s?
1
Suppose 3*r + 0*r + 5*b - 5329 = 0, 3*r + 4*b - 5324 = 0. Suppose r + 764 = 4*k. What is the tens digit of (-4)/22 - k/(-33)?
1
Let j = -97 - 101. Let m = j + 282. What is the units digit of m?
4
Let q(j) = -j**3 + 13*j**2 - 11*j - 4. Let a = 49 + 11. Suppose d - a = -4*d. What is the units digit of q(d)?
8
Let s = 713 - 308. What is the units digit of s?
5
Let v(h) = -3*h + 6 + 0*h + 4*h. Let q be v(4). Suppose -5*m + 5 = -q, 2*m = r - 17. What is the units digit of r?
3
Suppose -11*p + 7*p + 24 = 0. Suppose -p*y = -3*y - 2*k - 349, -5*y = -5*k - 580. What is the tens digit of y?
1
Suppose -9*m = -6*m - 6348. What is the hundreds digit of m?
1
Let n = -20 + -10. Let s = 23 - n. What is the tens digit of s?
5
Let y = -919 + 1507. What is the tens digit of y?
8
Let c = -14 - -5. Suppose 0 = -i + 4 + 1, -22 = v - 2*i. Let m = c - v. What is the units digit of m?
3
Suppose 45*o = -1956 + 61491. What is the thousands digit of o?
1
Let d = -710 - -1245. What is the units digit of d?
5
Let p = 1 + -11. What is the tens digit of (-217)/(-5) + 0 - (-4)/p?
4
Let u(f) = 5*f**2 - 15*f + 1. What is the units digit of u(12)?
1
Let z be 4/14 + 2 - (-16)/(-56). Suppose 7*f = z*f + 575. What is the tens digit of f?
1
Let m(x) = 2*x**3 - 8*x**2 + 7*x + 2. Let z = -9 + 14. What is the units digit of m(z)?
7
Suppose -3*a = -a - 10. Suppose -5*m - 4*v = 3, -4*v + 3 = -2*m - a*v. What is the units digit of (-75)/m + (2 - 4)?
3
Let f = -6 - -12. Let s be (2/f)/((-4)/(-72)). What is the units digit of (2 + (-10)/s)*24?
8
Suppose 8*z = 63 + 1. Let r(h) = -2*h**3 + 18*h**2 - 6*h - 7. What is the tens digit of r(z)?
7
Let q(g) = 2*g**3 + 5*g**2 - 4*g + 7. Let a be q(3). Suppose 20 = -o + a. What is the tens digit of o?
7
Suppose 2*u + 4 = 3*l, -l + 0*l = 4*u - 6. Suppose -l*h = h - 66. Let s = h - 13. What is the units digit of s?
9
Let w be 4/(-6) + 3/(-9). Let t be w + (0 - (-3)/3). What is the units digit of (-22)/4*(-2 - t)?
1
Suppose 2*p = 7*p + 100. Let l be (-5)/(-1 - 18/p). Let a = l - 34. What is the units digit of a?
6
Suppose 3*a - 55 = -2*a. Suppose -4*o + 4*z - 17 = a, -5*z = -o - 7. Let b = 1 - o. What is the units digit of b?
8
Let z = 28 + -40. Let w = 73 + z. What is the tens digit of w?
6
Let x(y) = y**3 + 40*y**2 + 115*y - 120. What is the tens digit of x(-35)?
8
Suppose 31*p - 14520 = 11*p. What is the units digit of p?
6
Let j(l) = 27*l. Let f be j(1). Suppose 3*k = 2*k - 5*c + f, -2*k + 42 = 4*c. What is the units digit of k?
7
Let x(c) = 48*c**2 + 21*c - 22. What is the tens digit of x(10)?
8
Let j be 2/(-7) - (-284)/14. Let g(h) = 3*h**2 + 14*h - 3. Let c be g(-6). Let d = c - j. What is the units digit of d?
1
Let f(h) = -3*h - 17. Let s be f(-7). Suppose s*w - 5*w = -31. What is the units digit of w?
1
Suppose -39 = 3*x + 18. What is the units digit of (0 + -3)*(x + -6)?
5
Suppose 0 = f - 4*i + 363 - 46, 2*f = i - 599. Let q = f - -450. Suppose -4*s = -5*h - q, -s - 90 = -3*s - 2*h. What is the tens digit of s?
4
Let l = -94 - -69. Suppose 3*p + 252 = -0*p. Let o = l - p. What is the tens digit of o?
5
Suppose 472*d - 27333 = 463*d. What is the thousands digit of d?
3
Let d(n) = 46*n**2 - 7*n - 80. What is the tens digit of d(-5)?
0
Let a(h) = h**3 - 8*h**2 + h - 2. Let w(s) = 8*s**2 + s + 1. Let n = 0 + -1. Let y be w(n). What is the units digit of a(y)?
6
Let u = 2285 + -89. What is the units digit of u?
6
Let h(x) be the third derivative of -x**5/60 + 2*x**4/3 + 17*x**3/6 - 10*x**2. What is the units digit of h(16)?
7
Let o = -263 - -820. What is the hundreds digit of o?
5
Let p be (-5 - 1)*-1 + -1. Suppose p*v - 6 = 3*v. Suppose -4*i + 2*a = v*a - 95, 4*i = 5*a + 77. What is the tens digit of i?
2
Let w be -2*(-1)/(-2) - 40. Let m = w - -2. What is the tens digit of (-4)/2 - m/3?
1
What is the hundreds digit of 1255*(-2 - -5 - 12/5)?
7
What is the tens digit of (-15)/10*1/(-3)*956?
7
Let